at is the remainder when 81565 is divided by 79945?
1620
Calculate the remainder when 1465054 is divided by 5598.
3976
Calculate the remainder when 65498 is divided by 2626.
2474
What is the remainder when 1304801 is divided by 2636?
2617
What is the remainder when 1911800 is divided by 361?
305
Calculate the remainder when 867916 is divided by 8345.
36
What is the remainder when 20934467 is divided by 12358?
15
Calculate the remainder when 4922849 is divided by 409.
125
Calculate the remainder when 45985 is divided by 11494.
9
What is the remainder when 687185 is divided by 43?
2
What is the remainder when 91561 is divided by 7504?
1513
Calculate the remainder when 3590397 is divided by 1632.
1629
Calculate the remainder when 131630 is divided by 1859.
1500
Calculate the remainder when 12938601 is divided by 1086.
1083
Calculate the remainder when 98038 is divided by 32450.
688
What is the remainder when 2710791 is divided by 79729?
5
Calculate the remainder when 25623758 is divided by 15.
8
What is the remainder when 780798 is divided by 78079?
8
Calculate the remainder when 6599528 is divided by 1758.
1754
What is the remainder when 3611348 is divided by 190?
18
What is the remainder when 41325216 is divided by 22?
20
Calculate the remainder when 222523 is divided by 452.
139
Calculate the remainder when 10676449 is divided by 210.
49
Calculate the remainder when 158655 is divided by 79310.
35
Calculate the remainder when 38333136 is divided by 54.
48
Calculate the remainder when 1077924 is divided by 20338.
10
Calculate the remainder when 1272441 is divided by 137.
122
Calculate the remainder when 856687 is divided by 2737.
6
Calculate the remainder when 58558580 is divided by 340.
40
What is the remainder when 187223 is divided by 1466?
1041
What is the remainder when 1691520 is divided by 1951?
3
What is the remainder when 14172761 is divided by 39?
5
What is the remainder when 2271360583 is divided by 39?
37
Calculate the remainder when 32853 is divided by 2996.
2893
Calculate the remainder when 28268 is divided by 76.
72
What is the remainder when 331167 is divided by 143?
122
What is the remainder when 7786381 is divided by 108?
13
What is the remainder when 2971175 is divided by 990294?
293
What is the remainder when 27798 is divided by 3971?
1
What is the remainder when 818344 is divided by 855?
109
What is the remainder when 71092 is divided by 2963?
2943
What is the remainder when 74945 is divided by 14940?
245
What is the remainder when 1283095 is divided by 98698?
21
What is the remainder when 13491249 is divided by 27?
24
Calculate the remainder when 335756 is divided by 6583.
23
Calculate the remainder when 48898 is divided by 24393.
112
What is the remainder when 5648188 is divided by 181?
83
Calculate the remainder when 108925 is divided by 2709.
565
What is the remainder when 81328163 is divided by 1028?
1027
Calculate the remainder when 2061523708 is divided by 15.
13
What is the remainder when 5113402 is divided by 31?
14
Calculate the remainder when 134279 is divided by 4195.
39
What is the remainder when 9835267 is divided by 6329?
1
Calculate the remainder when 3477834 is divided by 117.
9
Calculate the remainder when 1959078 is divided by 22518.
12
Calculate the remainder when 50801 is divided by 126.
23
What is the remainder when 39049 is divided by 520?
49
Calculate the remainder when 12598924 is divided by 63311.
35
What is the remainder when 5516 is divided by 29?
6
Calculate the remainder when 260953003 is divided by 1202.
5
Calculate the remainder when 30591 is divided by 14643.
1305
What is the remainder when 59960571 is divided by 248799?
12
What is the remainder when 1007317 is divided by 2279?
2278
What is the remainder when 5112904 is divided by 4446?
4
What is the remainder when 3319648 is divided by 2496?
2464
Calculate the remainder when 2815458 is divided by 9.
6
Calculate the remainder when 65875 is divided by 10809.
1021
Calculate the remainder when 131813 is divided by 16341.
1085
Calculate the remainder when 9101847 is divided by 9101834.
13
Calculate the remainder when 1012333 is divided by 794.
777
What is the remainder when 913657 is divided by 6171?
349
What is the remainder when 7575993 is divided by 196?
5
Calculate the remainder when 3781731 is divided by 1216.
1187
What is the remainder when 80504812 is divided by 34?
20
Calculate the remainder when 800044 is divided by 799877.
167
Calculate the remainder when 15098111 is divided by 32.
31
What is the remainder when 6560649 is divided by 72895?
99
Calculate the remainder when 29583791 is divided by 5786.
5759
Calculate the remainder when 820469 is divided by 6003.
4061
Calculate the remainder when 56711 is divided by 1052.
955
Calculate the remainder when 248700 is divided by 1323.
1299
Calculate the remainder when 17091831 is divided by 2136478.
7
Calculate the remainder when 4085406 is divided by 32.
30
Calculate the remainder when 34419836 is divided by 3640.
3636
What is the remainder when 51755257 is divided by 15?
7
What is the remainder when 226906 is divided by 5342?
2542
Calculate the remainder when 20101339 is divided by 85175.
39
What is the remainder when 1252891 is divided by 1750?
1641
What is the remainder when 2679601 is divided by 330?
1
Calculate the remainder when 8637032 is divided by 1482.
1418
What is the remainder when 70690 is divided by 10064?
242
Calculate the remainder when 119903089 is divided by 414.
409
What is the remainder when 1324834 is divided by 50?
34
What is the remainder when 92492 is divided by 18351?
737
What is the remainder when 162976 is divided by 4792?
48
Calculate the remainder when 54081 is divided by 13176.
1377
What is the remainder when 245029 is divided by 229?
228
Calculate the remainder when 708620442 is divided by 7085.
7082
What is the remainder when 68785480 is divided by 68785478?
2
Calculate the remainder when 109289 is divided by 9076.
377
What is the remainder when 784992 is divided by 248?
72
Calculate the remainder when 133285 is divided by 1201.
1175
What is the remainder when 81664 is divided by 48?
16
What is the remainder when 20909692 is divided by 161?
139
What is the remainder when 29402 is divided by 6665?
2742
Calculate the remainder when 229292 is divided by 1600.
492
Calculate the remainder when 35641798 is divided by 15.
13
What is the remainder when 4816349 is divided by 3850?
3849
What is the remainder when 2268028 is divided by 161992?
140
Calculate the remainder when 1965309 is divided by 453.
195
Calculate the remainder when 6703048 is divided by 3351226.
596
Calculate the remainder when 10201188 is divided by 487.
486
What is the remainder when 37033 is divided by 38?
21
What is the remainder when 6049887 is divided by 297?
294
What is the remainder when 30816932 is divided by 15408451?
30
What is the remainder when 284053 is divided by 2219?
21
What is the remainder when 1441014 is divided by 40027?
42
Calculate the remainder when 30207398 is divided by 2920.
2918
Calculate the remainder when 35049 is divided by 962.
417
Calculate the remainder when 261331 is divided by 804.
31
What is the remainder when 751084 is divided by 66?
4
What is the remainder when 6481105 is divided by 770?
15
What is the remainder when 35128718 is divided by 75?
68
Calculate the remainder when 129052 is divided by 4300.
52
What is the remainder when 28606479 is divided by 28606351?
128
What is the remainder when 18478739 is divided by 4622?
4605
What is the remainder when 38926012 is divided by 162?
4
Calculate the remainder when 7758275 is divided by 31.
29
What is the remainder when 349902 is divided by 827?
81
What is the remainder when 185083826 is divided by 203?
200
Calculate the remainder when 1217502 is divided by 115.
112
Calculate the remainder when 2385318 is divided by 794983.
369
Calculate the remainder when 208130 is divided by 69.
26
Calculate the remainder when 25113329 is divided by 188822.
3
Calculate the remainder when 111757 is divided by 713.
529
Calculate the remainder when 5330607 is divided by 24.
15
What is the remainder when 1793293 is divided by 1997?
1984
Calculate the remainder when 56501 is divided by 13831.
1177
What is the remainder when 26606 is 